what is -26045068 + -8?
-26045075
In base 3, what is 10 + 210000002002020?
210000002002100
In base 15, what is -4 - -6189a5c?
6189a58
In base 13, what is -404c0 + -25?
-40515
In base 16, what is -8 + -220ecd?
-220ed5
In base 14, what is -1672 - 1c?
-1690
In base 10, what is 119919620 - 0?
119919620
In base 16, what is -a3328 + 8d?
-a329b
In base 3, what is 112022001220011 + -2?
112022001220002
In base 15, what is 1ab - ce5d1?
-ce425
In base 12, what is -5ab0 - 1b337?
-25227
In base 8, what is -50 + 23444146?
23444076
In base 16, what is -1 + -122a66?
-122a67
In base 10, what is 32 - -107597?
107629
In base 6, what is 105 - 1531535?
-1531430
In base 5, what is 3201014 - 2320?
3143144
In base 5, what is 21011311 + 230?
21012041
In base 11, what is 99 + -77014?
-76a26
In base 15, what is 5 + -22d9cc2?
-22d9cbc
In base 6, what is -45033 - -1403324?
1314251
In base 15, what is -69633 - -9?
-69629
In base 2, what is 1011111100001101 + 100111111001101?
10000111011011010
In base 2, what is 10 - -1110001010100001001010?
1110001010100001001100
In base 12, what is 3422707b - b?
34227070
In base 5, what is 1 - -10033324434?
10033324440
In base 2, what is 110100 + -110000000111011100?
-110000000110101000
In base 10, what is -272388 + -4?
-272392
In base 5, what is 3321 + -2341000?
-2332124
In base 3, what is 10 + 100212201200101?
100212201200111
In base 13, what is -6 + 45a86a8?
45a86a2
In base 2, what is 110001001 + 1110100010100111?
1110101000110000
In base 12, what is 0 + -910b30?
-910b30
In base 14, what is -43 - -18039?
17dd6
In base 16, what is 4c8a8 - 52?
4c856
In base 10, what is 180382 - 1325?
179057
In base 14, what is -6 + a7704?
a76dc
In base 3, what is -11101002102010100 + -12?
-11101002102010112
In base 16, what is -2158e4d - 2?
-2158e4f
In base 15, what is -17b4c + 1ae?
-1798d
In base 12, what is -1 + 1b27a749?
1b27a748
In base 5, what is -4221240 + -211122?
-4432412
In base 2, what is 1111 - 1001110111101111000?
-1001110111101101001
In base 10, what is 3 + 4685980?
4685983
In base 10, what is -4 + -6558484?
-6558488
In base 5, what is 33143 + 21022?
104220
In base 6, what is 24443353 + -132?
24443221
In base 3, what is -22010100200 - 102210?
-22010210110
In base 3, what is 1021 + -200111010121122?
-200111010120101
In base 2, what is -101100100 + 10111011110101110?
10111011001001010
In base 4, what is -2011212 - -30013?
-1321133
In base 10, what is -7860 - -33669?
25809
In base 6, what is -41221 - -2531?
-34250
In base 6, what is 2 + -3213203551?
-3213203545
In base 14, what is -a3 + -d3a730?
-d3a7d3
In base 16, what is 11d1130 - 1?
11d112f
In base 5, what is -33122242321 + -2?
-33122242323
In base 3, what is 122021021121212020 - 0?
122021021121212020
In base 15, what is -1812c + 15?
-18117
In base 12, what is -2 - 13b80963?
-13b80965
In base 4, what is 0 - -120303110132?
120303110132
In base 15, what is -1 - 3aee247?
-3aee248
In base 7, what is -212111114 + 21?
-212111063
In base 10, what is 0 - -10104379?
10104379
In base 3, what is -10201 + 2102212012?
2102201111
In base 3, what is -2200221 + 20121010000?
20111102002
In base 7, what is 2 - -4215543?
4215545
In base 2, what is -1001001110010001000100110100 + -11?
-1001001110010001000100110111
In base 11, what is -1642 - 66337?
-67979
In base 12, what is -2602 - -596a6?
570a4
In base 10, what is 2 - 37839019?
-37839017
In base 4, what is -111223323 + 2123223?
-103100100
In base 9, what is 13 + -2314400?
-2314376
In base 7, what is -131 - -4250651?
4250520
In base 4, what is 111002303 - 21313?
110320330
In base 5, what is -1320002204 - 20?
-1320002224
In base 2, what is 100101 - 100010100011000111100?
-100010100011000010111
In base 2, what is -1111110111 + 100001010000001?
11111010001010
In base 14, what is -23a210 - -5d?
-23a191
In base 9, what is 0 + -6214420?
-6214420
In base 11, what is -2 - 6392895?
-6392897
In base 8, what is -11363 - 3661?
-15244
In base 4, what is 10 + -1222112233020?
-1222112233010
In base 15, what is 20529 - bc0?
1e859
In base 9, what is 17 + -38288?
-38271
In base 13, what is 244 + 1aac17?
1ab15b
In base 12, what is -312b8 + 992?
-30526
In base 13, what is -1 + -95a03?
-95a04
In base 15, what is 1994c - 570?
193cc
In base 11, what is -39a763 - a?
-39a772
In base 10, what is 37062 + -60?
37002
In base 11, what is 7 - -18a0872?
18a0879
In base 4, what is -200203213113 - -110?
-200203213003
In base 8, what is 10477351 - -153?
10477524
In base 10, what is 5 + 155474226?
155474231
In base 7, what is 20135105 - -66?
20135204
In base 7, what is -102261 - 10603?
-113164
In base 10, what is 852 - 108?
744
In base 13, what is 1a4077 + 4a?
1a40c4
In base 4, what is 22033322 - 1210?
22032112
In base 11, what is 941358 - 4?
941354
In base 14, what is cb4 + -6d09?
-6035
In base 4, what is -32203 - -1101100?
1002231
In base 9, what is 8 + 6235820?
6235828
In base 15, what is -10b + -48759?
-48865
In base 14, what is 27d2cd + -5a?
27d273
In base 13, what is 59cc4 + 187?
5a17b
In base 10, what is -3 - -4002699?
4002696
In base 6, what is 2452130051 - -20?
2452130111
In base 5, what is -312030 - 13140?
-330220
In base 9, what is -4 - 6774514?
-6774518
In base 5, what is -331004241 - 1?
-331004242
In base 15, what is -4 - 8100c5?
-8100c9
In base 9, what is 201 - -42351?
42552
In base 10, what is -2329 - 4894?
-7223
In base 14, what is 5 - -1b025?
1b02a
In base 16, what is -1f6c - -182?
-1dea
In base 5, what is 3221 - 110022121?
-110013400
In base 8, what is -120311736 - -13?
-120311723
In base 14, what is -58 - 323300?
-323358
In base 10, what is -136673 - 5674?
-142347
In base 5, what is 1101 + 2144230442?
2144232043
In base 12, what is a558 + 2451?
109a9
In base 7, what is -601 - 4641?
-5542
In base 16, what is 276 - 27eb4?
-27c3e
In base 4, what is -230132 + -220301102?
-221131300
In base 14, what is -bb7da1 - 1?
-bb7da2
In base 9, what is -607 - 2678228?
-2678836
In base 8, what is 11447 - -5050?
16517
In base 13, what is -1 - -9ba643?
9ba642
In base 10, what is 4785920 + 10?
4785930
In base 5, what is 1 - -30002432302?
30002432303
In base 6, what is -154411341 - -5?
-154411332
In base 2, what is -1001000010010101 + 100100001111?
-1000011110000110
In base 10, what is 2397466 + 58?
2397524
In base 15, what is 3 - -17a99249?
17a9924c
In base 10, what is 218940547 + 2?
218940549
In base 11, what is -94036 + -285?
-94310
In base 9, what is 3016 - -1157?
4174
In base 8, what is -2526625361 - 5?
-2526625366
In base 7, what is 66561 - -16165?
116056
In base 12, what is -150a4b + b?
-150a40
In base 15, what is -8ab8 + -6817?
-103d0
In base 3, what is 2 - -11010102102102?
11010102102111
In base 3, what is 2201 - -102000111110?
102000121011
In base 12, what is 2 - 6a95451b?
-6a954519
In base 5, what is 12 + -400002331?
-400002314
In base 4, what is 13 - 3021010002?
-3021003323
In base 16, what is 3 + -4d0170?
-4d016d
In base 15, what is -230 - -21eae?
21c7e
In base 8, what is -4 + -4422425?
-4422431
In base 7, what is 46434562 - 4?
46434555
In base 4, what is 31 - 1210112211?
-1210112120
In base 5, what is 3023234210 + -2?
3023234203
In base 15, what is -1698b7 + -c7?
-16998e
In base 9, what is -130 - -36006?
35766
In base 9, what is 4070536 - -13?
4070550
In base 9, what is 581165 - 1252?
578813
In base 15, what is -2 - 6a884e?
-6a8851
In base 15, what is -34880c + 78?
-348784
In base 9, what is 403 + 1770250?
1770653
In base 16, what is 86f6a + a0?
8700a
In base 12, what is 1144 - -a73a?
b882
In base 14, what is 2b661 + 54?
2b6b5
In base 12, what is -2 - 37974b4?
-37974b6
In base 4, what is 211332110 + -101110?
211231000
In base 10, what is -11731927 - 1?
-11731928
In base 14, what is 10d4345 + 1?
10d4346
In base 9, what is -106318 - -1771?
-104437
In base 8, what is -162640 - -11?
-162627
In base 13, what is 4 - -6b719?
6b720
In base 2, what is 1 + -100110011101000101100101?
-100110011101000101100100
In base 9, what is -13848 - -11112?
-2736
In base 10, what is 4 - 23692341?
-23692337
In base 5, what is -101 + 430442143?
430442042
In base 10, what is 51 + -6356143?
-6356092
In base 7, what is -261530610 + 5?
-261530602
In base 10, what is 17 - 1503940?
-1503923
In base 10, what is -1 + -1476348?
-1476349
In base 10, what is -118 + -45738?
-45856
In base 2, what is 110101100010101 